{"id":1154,"date":"2024-09-19T14:25:34","date_gmt":"2024-09-19T14:25:34","guid":{"rendered":"https:\/\/artifyshop.hu\/?post_type=product&#038;p=1154"},"modified":"2025-04-16T16:32:43","modified_gmt":"2025-04-16T16:32:43","slug":"the-creation-of-eve-the-creation-of-eve-part-ii","status":"publish","type":"product","link":"https:\/\/artifyshop.hu\/en\/product\/the-creation-of-eve-the-creation-of-eve-part-ii\/","title":{"rendered":"The Creation of Eve + The Creation of Eve part II"},"content":{"rendered":"<p>The Creation of Eve symbolises one of the most famous frescoes in the world.<br \/>\nThe Creation of Adam, also known as The Creation of Man, is a fresco by Italian artist Michelangelo, part of the Sistine Chapel ceiling, illustrating the biblical creation narrative from the Book of Genesis, in which God gives life to Adam, the first man.<br \/>\nThe painting has been reproduced in countless imitations and parodies. Michelangelo's Creation of Adam is one of the most copied religious paintings of all time.<\/p>\n<p><a style=\"display: inline-block; padding: 10px 20px; font-size: 16px; font-weight: bold; color: #fff; background-color: #23232c; text-align: center; text-decoration: none; border-radius: 5px; font-family: 'Poppins', sans-serif;\" href=\"\/en\/?page_id=240\" target=\"_blank\" rel=\"noopener\">CLICK HERE TO LEARN MORE ABOUT THE TECHNOLOGY AND PACKAGING<\/a><\/p>","protected":false},"excerpt":{"rendered":"<p>Az \u00c9va teremt\u00e9se a vil\u00e1g egyik legh\u00edresebb fresk\u00f3j\u00e1t szimboliz\u00e1lja. Az \u00c1d\u00e1m teremt\u00e9se, m\u00e1s n\u00e9ven Az ember teremt\u00e9se Michelangelo olasz m\u0171v\u00e9sz fresk\u00f3festm\u00e9nye, amely a Sixtus-k\u00e1polna mennyezet\u00e9nek r\u00e9sz\u00e9t k\u00e9pezi, \u00e9s a Genezis&hellip;<\/p>","protected":false},"featured_media":1228,"comment_status":"open","ping_status":"closed","template":"","meta":[],"product_brand":[],"product_cat":[62],"product_tag":[],"class_list":{"0":"post-1154","1":"product","2":"type-product","3":"status-publish","4":"has-post-thumbnail","6":"product_cat-csomagajanlataink","8":"first","9":"instock","10":"sale","11":"shipping-taxable","12":"purchasable","13":"product-type-variable","14":"layout-style-5","15":"col-md-4 col-sm-4 col-xs-6","16":"col-lg-3","17":"product-has-gallery","18":"product-style-addtocart"},"bundled_by":[],"bundle_stock_status":"instock","bundle_stock_quantity":null,"bundle_virtual":false,"bundle_layout":"","bundle_add_to_cart_form_location":"","bundle_editable_in_cart":false,"bundle_sold_individually_context":"","bundle_item_grouping":"","bundle_min_size":"","bundle_max_size":"","bundle_price":[],"bundled_items":[],"bundle_sell_ids":[],"_links":{"self":[{"href":"https:\/\/artifyshop.hu\/en\/wp-json\/wp\/v2\/product\/1154","targetHints":{"allow":["GET"]}}],"collection":[{"href":"https:\/\/artifyshop.hu\/en\/wp-json\/wp\/v2\/product"}],"about":[{"href":"https:\/\/artifyshop.hu\/en\/wp-json\/wp\/v2\/types\/product"}],"replies":[{"embeddable":true,"href":"https:\/\/artifyshop.hu\/en\/wp-json\/wp\/v2\/comments?post=1154"}],"wp:featuredmedia":[{"embeddable":true,"href":"https:\/\/artifyshop.hu\/en\/wp-json\/wp\/v2\/media\/1228"}],"wp:attachment":[{"href":"https:\/\/artifyshop.hu\/en\/wp-json\/wp\/v2\/media?parent=1154"}],"wp:term":[{"taxonomy":"product_brand","embeddable":true,"href":"https:\/\/artifyshop.hu\/en\/wp-json\/wp\/v2\/product_brand?post=1154"},{"taxonomy":"product_cat","embeddable":true,"href":"https:\/\/artifyshop.hu\/en\/wp-json\/wp\/v2\/product_cat?post=1154"},{"taxonomy":"product_tag","embeddable":true,"href":"https:\/\/artifyshop.hu\/en\/wp-json\/wp\/v2\/product_tag?post=1154"}],"curies":[{"name":"wp","href":"https:\/\/api.w.org\/{rel}","templated":true}]}}

<p>Az Éva teremtése a világ egyik leghíresebb freskóját szimbolizálja. Az Ádám teremtése, más néven Az ember teremtése Michelangelo olasz művész freskófestménye, amely a Sixtus-kápolna mennyezetének részét képezi, és a Genezis&hellip;</p>
